{"id":1851,"date":"2019-10-30T12:10:09","date_gmt":"2019-10-30T12:10:09","guid":{"rendered":"https:\/\/gvbm.net\/?post_type=product&#038;p=1851"},"modified":"2025-09-01T09:13:24","modified_gmt":"2025-09-01T09:13:24","slug":"coronet-dmek-stanze","status":"publish","type":"product","link":"https:\/\/gvbm.net\/index.php\/produkt\/coronet-dmek-stanze\/","title":{"rendered":"CORONET\u00ae DMEK Stanze"},"content":{"rendered":"<h4>Anwendungsbereiche<\/h4>\n<p>Die CORONET\u00ae DMEK Stanze wird speziell f\u00fcr die Trepanation und Pr\u00e4paration der Descemet-Endothellamelle bei der Descemet Membrane Endothelial Keratoplasty (DMEK) verwendet. Ein Schutzring begrenzt die Trepantiefe auf maximal 200 \u03bcm, w\u00e4hrend die ultra scharfe Klinge minimalen Druck ben\u00f6tigt, um einen sauberen Schnitt durchzuf\u00fchren. Gro\u00dfe Sichtfenster erm\u00f6glichen die ideale Visualisierung des Einschnittes. F\u00fcr kongruente Schnittkanten bei Empf\u00e4nger- und Spenderhornhaut empfehlen wir die Verwendung von Systemen desselben Herstellers.<\/p>\n<h4>Material &amp; Form<\/h4>\n<p>Der Trepanschnitt ist durch einen Schutzring auf eine Tiefe von maximal 200\u03bcm beschr\u00e4nkt. <!--guarded trephine-->Dank der ultra scharfen Klinge bedarf es minimalem Druck, um einen sauberen Schnitt durchzuf\u00fchren. Gro\u00dfe Sichtfenster erm\u00f6glichen die ideale Visualisierung des Einschnittes.<\/p>\n<p>Wir empfehlen f\u00fcr die Empf\u00e4nger- und Spender-Trepanation Systeme des selben Herstellers zu verwenden, um kongruente Schnittkantenwinkel und -formen zu erhalten.<\/p>\n<h5><em>Der wichtigste Teil eines jeden Hornhauttrepans ist die Klinge.<\/em><\/h5>\n<p>Alle Coronet\u00ae Hornhauttrepane wurden durch die exklusive CORONET\u00ae Cathedral Klingen Technologie hergestellt.\u00a0<a href=\"https:\/\/gvbm.net\/wp-content\/uploads\/2019\/10\/Flyer-Coronet-Klingenprofil.pdf\">Hier k\u00f6nnen Sie mehr erfahren<\/a>.<\/p>\n<h4>Herstellung &amp; Zertifizierung<\/h4>\n<p>Der Herstellungs- sowie Sterilisationsprozess in Gro\u00dfbritannien durch\u00a0<a href=\"https:\/\/www.networkmedical.co.uk\/\" target=\"_blank\" rel=\"noopener\">Network Medical Products Ltd.<\/a>\u00a0gew\u00e4hrleisten Qualit\u00e4t f\u00fcr h\u00f6chste Anspr\u00fcche und eine saubere, anwenderoptimierte L\u00f6sung.\u00a0Das Produkt ist durch Network Medical Products Ltd.\u00a0ISO 13485\u00a0und\u00a0CE\u00a0zertifiziert.\u00a0Weitere Informationen zu der Zertifizierung finden Sie <a href=\"https:\/\/gvbm.net\/index.php\/unternehmen\/qualitaet-zertifikate\/\">hier<\/a>.<\/p>\n","protected":false},"excerpt":{"rendered":"<p>Einmal-CORONET\u00ae DMEK Stanze \u2013 f\u00fcr pr\u00e4zise Trepanationstiefe von 200 \u03bcm der Descemet-Endothellamelle bei der DMEK Keratoplastik, mit Trepanf\u00fchrung und Standfu\u00df, steril verpackt, 1 St\u00fcck je Verkaufseinheit<\/p>\n","protected":false},"featured_media":1858,"comment_status":"open","ping_status":"closed","template":"","meta":[],"product_cat":[695,696],"product_tag":[596,595,561,559,562,560,641,588,581,642,574,571,603,598,592,599,568,591,637,639,634,638,636,635,633,640,631,627,632,643,667,645,647,646,644,629,649,651,648,652,650,664,661,660,662,666,671,670,669,668,626,628,674,676,672,630,673,678,681,680,679,683,655,682,686,685,684,689,688,690,691,687,693,556,583,582,567,597,659,654,601,554,575,546,566,653,553,586,573,576,593,579,572,584,580,675,585,589,587,658,600,594,602,657,569,555,557,577,545],"class_list":{"0":"post-1851","1":"product","2":"type-product","3":"status-publish","4":"has-post-thumbnail","6":"product_cat-ophthalmologie","7":"product_cat-coronet-einmal-trepane","8":"product_tag-10mm","9":"product_tag-7-50mm","10":"product_tag-8-5mm","11":"product_tag-8mm","12":"product_tag-9-5mm","13":"product_tag-9mm","14":"product_tag-after-dmek-surgery","15":"product_tag-augenchirurgie","16":"product_tag-augenheilkunde","17":"product_tag-augenoperation-dmek","18":"product_tag-cornea","19":"product_tag-coronet","20":"product_tag-depth","21":"product_tag-descemet","22":"product_tag-descemet-membran-endothelial-keratoplasty","23":"product_tag-deszemet","24":"product_tag-disposable","25":"product_tag-dmek","26":"product_tag-dmek-aao","27":"product_tag-dmek-after-dsaek","28":"product_tag-dmek-after-penetrating-keratoplasty","29":"product_tag-dmek-air-bubble","30":"product_tag-dmek-and-cataract-surgery","31":"product_tag-dmek-and-dalk","32":"product_tag-dmek-and-dsaek","33":"product_tag-dmek-and-glaucoma","34":"product_tag-dmek-auge-op","35":"product_tag-dmek-augen","36":"product_tag-dmek-augenheilkunde","37":"product_tag-dmek-bubble","38":"product_tag-dmek-cartridge","39":"product_tag-dmek-cornea","40":"product_tag-dmek-corneal-transplant-surgery","41":"product_tag-dmek-cpt","42":"product_tag-dmek-cpt-code","43":"product_tag-dmek-dsaek","44":"product_tag-dmek-faden","45":"product_tag-dmek-fogla","46":"product_tag-dmek-fuchs","47":"product_tag-dmek-full","48":"product_tag-dmek-full-form","49":"product_tag-dmek-gas","50":"product_tag-dmek-gas-bubble","51":"product_tag-dmek-graft","52":"product_tag-dmek-graft-preparation","53":"product_tag-dmek-guidelines","54":"product_tag-dmek-herstel","55":"product_tag-dmek-hoornvliestransplantatie","56":"product_tag-dmek-hornhaut","57":"product_tag-dmek-instruments","58":"product_tag-dmek-kliniken","59":"product_tag-dmek-kosten","60":"product_tag-dmek-oct","61":"product_tag-dmek-oog","62":"product_tag-dmek-op","63":"product_tag-dmek-op-kosten","64":"product_tag-dmek-operation-erfahrungen","65":"product_tag-dmek-rapid","66":"product_tag-dmek-steps","67":"product_tag-dmek-success-rate","68":"product_tag-dmek-surgery","69":"product_tag-dmek-surgery-cost","70":"product_tag-dmek-surgery-for-fuchs-dystrophy","71":"product_tag-dmek-surgery-instruments","72":"product_tag-dmek-surgery-procedure","73":"product_tag-dmek-surgery-recovery-time","74":"product_tag-dmek-surgery-steps","75":"product_tag-dmek-technique","76":"product_tag-dmek-tips","77":"product_tag-dmek-tips-and-tricks","78":"product_tag-dmek-tissue-preparation","79":"product_tag-dmek-transplant","80":"product_tag-dmek-verfahren","81":"product_tag-einmal","82":"product_tag-einmal-trepan","83":"product_tag-einmalinstrument","84":"product_tag-einweg","85":"product_tag-endothel","86":"product_tag-first-dmek-surgery","87":"product_tag-fogla-dmek-cannula","88":"product_tag-guarded","89":"product_tag-hornhaut","90":"product_tag-hornhautspende","91":"product_tag-hornhautstanze","92":"product_tag-hornhauttransplantat","93":"product_tag-hornhauttransplantation-dmek-frankfurt","94":"product_tag-keratoplastik","95":"product_tag-keratoplastik-instrumente","96":"product_tag-keratoplastik-trepan","97":"product_tag-kornea","98":"product_tag-lamelle","99":"product_tag-medical","100":"product_tag-network","101":"product_tag-ophthalmo-chirurgie","102":"product_tag-ophthalmologie","103":"product_tag-ophthalmologie-dmek","104":"product_tag-ophthalmologie-produkte","105":"product_tag-ophthalmologische-stanzinstrumente","106":"product_tag-ophthalmoprodukte","107":"product_tag-phaco-dmek","108":"product_tag-posterior","109":"product_tag-praeparation","110":"product_tag-punch","111":"product_tag-recovery-from-dmek-surgery","112":"product_tag-single-use","113":"product_tag-stanze","114":"product_tag-steril","115":"product_tag-stroma","116":"product_tag-trepan","118":"first","119":"instock","120":"shipping-taxable","121":"purchasable","122":"product-type-variable"},"_links":{"self":[{"href":"https:\/\/gvbm.net\/index.php\/wp-json\/wp\/v2\/product\/1851","targetHints":{"allow":["GET"]}}],"collection":[{"href":"https:\/\/gvbm.net\/index.php\/wp-json\/wp\/v2\/product"}],"about":[{"href":"https:\/\/gvbm.net\/index.php\/wp-json\/wp\/v2\/types\/product"}],"replies":[{"embeddable":true,"href":"https:\/\/gvbm.net\/index.php\/wp-json\/wp\/v2\/comments?post=1851"}],"wp:featuredmedia":[{"embeddable":true,"href":"https:\/\/gvbm.net\/index.php\/wp-json\/wp\/v2\/media\/1858"}],"wp:attachment":[{"href":"https:\/\/gvbm.net\/index.php\/wp-json\/wp\/v2\/media?parent=1851"}],"wp:term":[{"taxonomy":"product_cat","embeddable":true,"href":"https:\/\/gvbm.net\/index.php\/wp-json\/wp\/v2\/product_cat?post=1851"},{"taxonomy":"product_tag","embeddable":true,"href":"https:\/\/gvbm.net\/index.php\/wp-json\/wp\/v2\/product_tag?post=1851"}],"curies":[{"name":"wp","href":"https:\/\/api.w.org\/{rel}","templated":true}]}}