{"id":2058,"date":"2019-11-08T10:03:50","date_gmt":"2019-11-08T10:03:50","guid":{"rendered":"https:\/\/gvbm.net\/?post_type=product&#038;p=2058"},"modified":"2020-02-11T08:21:52","modified_gmt":"2020-02-11T08:21:52","slug":"coronet-dalk-clear-vue-saugtrepan","status":"publish","type":"product","link":"https:\/\/gvbm.net\/index.php\/produkt\/coronet-dalk-clear-vue-saugtrepan\/","title":{"rendered":"CORONET\u00ae DALK Clear-Vue\u2122 Saugtrepan"},"content":{"rendered":"<h4>Anwendungsbereiche<\/h4>\n<p>Unser DALK Clear-Vue\u2122 Saugtrepan mit Vakuumtubierung wird f\u00fcr die Trepanation der Empf\u00e4nger-Hornhaut\u00a0im Zuge der tiefen anterioren lamell\u00e4ren Keratoplastik (DALK) verwendet.<\/p>\n<p>In drei einfachen Schritten f\u00fchren Sie die DALK mit unserem Saugtrepan durch:<\/p>\n<ol>\n<li>Saugtrepanhandst\u00fcck mit Zentrierungsrohr auf dem Limbus positionieren und ansaugen lassen<\/li>\n<li>Zentrierungsrohr entfernen<\/li>\n<li>DALK-Trepan mit gesch\u00fctzter Tiefe von maximal 300\u03bcm in die F\u00fchrung im Handst\u00fcck einlassen und sanft andr\u00fccken<\/li>\n<\/ol>\n<div class=\"BorlabsCookie _brlbs-cb-youtube\">\n<div class=\"_brlbs-content-blocker\">\n<div class=\"_brlbs-embed _brlbs-video-youtube\"> <img decoding=\"async\" class=\"_brlbs-thumbnail\" src=\"https:\/\/gvbm.net\/wp-content\/plugins\/borlabs-cookie\/assets\/images\/cb-no-thumbnail.png\" alt=\"YouTube\"> <\/p>\n<div class=\"_brlbs-caption\">\n<p>Mit dem Laden des Videos akzeptieren Sie die Datenschutzerkl\u00e4rung von YouTube.<br \/><a href=\"https:\/\/policies.google.com\/privacy\" target=\"_blank\" rel=\"nofollow noopener noreferrer\">Mehr erfahren<\/a><\/p>\n<p><a class=\"_brlbs-btn _brlbs-icon-play-white\" href=\"#\" data-borlabs-cookie-unblock role=\"button\">Video laden<\/a><\/p>\n<p><label><input type=\"checkbox\" name=\"unblockAll\" value=\"1\" checked> <small>YouTube immer entsperren<\/small><\/label><\/p>\n<\/p><\/div>\n<\/p><\/div>\n<\/p><\/div>\n<div class=\"borlabs-hide\" data-borlabs-cookie-type=\"content-blocker\" data-borlabs-cookie-id=\"youtube\"><script type=\"text\/template\">PGlmcmFtZSB0aXRsZT0iQ09ST05FVCBEQUxLIENsZWFyLSBWdWUgVHJlcGhpbmUgfCBDb3VydGVzeSBvZiBEciBGb2dsYSIgd2lkdGg9IjEyMjAiIGhlaWdodD0iNjg2IiBzcmM9Imh0dHBzOi8vd3d3LnlvdXR1YmUtbm9jb29raWUuY29tL2VtYmVkL0dyd0pueHlKUXBjP2ZlYXR1cmU9b2VtYmVkIiBmcmFtZWJvcmRlcj0iMCIgYWxsb3c9ImFjY2VsZXJvbWV0ZXI7IGF1dG9wbGF5OyBjbGlwYm9hcmQtd3JpdGU7IGVuY3J5cHRlZC1tZWRpYTsgZ3lyb3Njb3BlOyBwaWN0dXJlLWluLXBpY3R1cmUiIGFsbG93ZnVsbHNjcmVlbj48L2lmcmFtZT4=<\/script><\/div>\n<\/div>\n<h4>Material &amp; Form<\/h4>\n<p>Dank der ultra scharfen Klinge bedarf es minimalem Druck, um einen sauberen Schnitt durchzuf\u00fchren. Gro\u00dfe Sichtfenster erm\u00f6glichen die ideale Visualisierung des Einschnittes. Das sichere Vakuum gew\u00e4hrleistet optimale Haftung auf dem Bulbus (ohne IOP-Peak) und pr\u00e4zise Schnitte.<\/p>\n<p><a href=\"https:\/\/gvbm.net\/wp-content\/uploads\/2019\/10\/Flyer-NEU-Coronet-DALK-Trepan.pdf\">Hier k\u00f6nnen Sie mehr \u00fcber das Produkt erfahren.<\/a><\/p>\n<p>Wir empfehlen f\u00fcr die Empf\u00e4nger- und Spender-Trepanation Systeme des selben Herstellers zu verwenden, um kongruente Schnittkantenwinkel und -formen zu erhalten.<\/p>\n<h5><em>Der wichtigste Teil eines jeden Hornhauttrepans ist die Klinge.<\/em><\/h5>\n<p>Alle Coronet\u00ae Hornhauttrepane wurden durch die exklusive CORONET\u00ae Cathedral Klingen Technologie hergestellt.\u00a0<a href=\"https:\/\/gvbm.net\/wp-content\/uploads\/2019\/10\/Flyer-Coronet-Klingenprofil.pdf\">Hier k\u00f6nnen Sie mehr erfahren<\/a>.<\/p>\n<h4>Herstellung &amp; Zertifizierung<\/h4>\n<p>Der Herstellungs- sowie Sterilisationsprozess in Gro\u00dfbritannien durch\u00a0<a href=\"https:\/\/www.networkmedical.co.uk\/\" target=\"_blank\" rel=\"noopener\">Network Medical Products Ltd.<\/a>\u00a0gew\u00e4hrleisten Qualit\u00e4t f\u00fcr h\u00f6chste Anspr\u00fcche und eine saubere, anwenderoptimierte L\u00f6sung.\u00a0Das Produkt ist durch Network Medical Products Ltd.\u00a0ISO 13485\u00a0und\u00a0CE\u00a0zertifiziert.\u00a0Weitere Informationen zu der Zertifizierung finden Sie <a href=\"https:\/\/gvbm.net\/index.php\/unternehmen\/qualitaet-zertifikate\/\">hier<\/a>.<\/p>\n","protected":false},"excerpt":{"rendered":"<p>Einmal-Saugtrepan mit Vakuumtubierung f\u00fcr DALK, steril verpackt, 1 Stk je Verkaufseinheit<\/p>\n","protected":false},"featured_media":2063,"comment_status":"open","ping_status":"closed","template":"","meta":[],"product_cat":[695,696],"product_tag":[],"class_list":{"0":"post-2058","1":"product","2":"type-product","3":"status-publish","4":"has-post-thumbnail","6":"product_cat-ophthalmologie","7":"product_cat-coronet-einmal-trepane","9":"first","10":"instock","11":"shipping-taxable","12":"purchasable","13":"product-type-variable"},"_links":{"self":[{"href":"https:\/\/gvbm.net\/index.php\/wp-json\/wp\/v2\/product\/2058","targetHints":{"allow":["GET"]}}],"collection":[{"href":"https:\/\/gvbm.net\/index.php\/wp-json\/wp\/v2\/product"}],"about":[{"href":"https:\/\/gvbm.net\/index.php\/wp-json\/wp\/v2\/types\/product"}],"replies":[{"embeddable":true,"href":"https:\/\/gvbm.net\/index.php\/wp-json\/wp\/v2\/comments?post=2058"}],"wp:featuredmedia":[{"embeddable":true,"href":"https:\/\/gvbm.net\/index.php\/wp-json\/wp\/v2\/media\/2063"}],"wp:attachment":[{"href":"https:\/\/gvbm.net\/index.php\/wp-json\/wp\/v2\/media?parent=2058"}],"wp:term":[{"taxonomy":"product_cat","embeddable":true,"href":"https:\/\/gvbm.net\/index.php\/wp-json\/wp\/v2\/product_cat?post=2058"},{"taxonomy":"product_tag","embeddable":true,"href":"https:\/\/gvbm.net\/index.php\/wp-json\/wp\/v2\/product_tag?post=2058"}],"curies":[{"name":"wp","href":"https:\/\/api.w.org\/{rel}","templated":true}]}}