{"id":2266,"date":"2019-12-07T16:41:46","date_gmt":"2019-12-07T16:41:46","guid":{"rendered":"https:\/\/gvbm.net\/?post_type=product&#038;p=2266"},"modified":"2025-10-13T16:58:41","modified_gmt":"2025-10-13T16:58:41","slug":"netcell-absorbent-pva-sinustamponade","status":"publish","type":"product","link":"https:\/\/gvbm.net\/index.php\/produkt\/netcell-absorbent-pva-sinustamponade\/","title":{"rendered":"AbsorbENT\u00ae PVA Sinustamponade"},"content":{"rendered":"<h4>Anwendungsbereiche<\/h4>\n<p>Unsere AbsorbENT\u00ae PVA Sinustamponade ist speziell f\u00fcr das Aufsaugen von Blut und Sekreten nach FESS (Functional Endoscopic Sinus Surgery) und anderen Nasennebenh\u00f6hlen-Operationen konzipiert. Sie unterst\u00fctzt Chirurgen und Fachpersonal dabei, postoperativ Blutungen der Nasenh\u00f6hle lindern und die Heilung zu f\u00f6rdern.<\/p>\n<h4>Material &amp; Form<\/h4>\n<p>Die Tamponaden bestehen aus hochsaugf\u00e4higem, feinpor\u00f6sem Polyvinylalkohol (PVA). Dieses biokompatible Material passt sich optimal der Anatomie der Nasenh\u00f6hlen an. In komprimierter Form liefern die Schw\u00e4mme ein Vielfaches ihres Eigengewichts an Fl\u00fcssigkeit, wodurch Blut und Sekrete effektiv aufgenommen werden. Solange die Tamponade noch trocken ist, kann sie leicht zugeschnitten werden, um sich optimal an die individuellen Bed\u00fcrfnisse des Patienten anzupassen.<\/p>\n<h4>Herstellung &amp; Zertifizierung<\/h4>\n<p><a name=\"_GoBack\"><\/a>Der Herstellungs- sowie Sterilisationsprozess\u00a0durch <a href=\"https:\/\/innoviamedical.com\/\" target=\"_blank\" rel=\"noopener\">Innovia Medical<\/a> gew\u00e4hrleisten eine saubere, anwenderoptimierte L\u00f6sung. Das Produkt ist durch Network Medical Products Ltd. ISO 13485 und CE zertifiziert. Weitere Informationen zu der Zertifizierung finden Sie <a href=\"https:\/\/gvbm.net\/index.php\/unternehmen\/qualitaet-zertifikate\/\">hier<\/a>.<\/p>\n<h4>Einsatz in HNO-Praxen<\/h4>\n<p>Die Tamponade ist ideal f\u00fcr HNO-Praxen und Kliniken, die Wert auf hygienische, sichere und effektive L\u00f6sungen legen. Sie eignet sich sowohl f\u00fcr Routineeingriffe als auch f\u00fcr komplexere Operationen der Nasennebenh\u00f6hlen.<\/p>\n<p>&nbsp;<\/p>\n","protected":false},"excerpt":{"rendered":"<p>Sichere Blutstillung \u2013 ideal f\u00fcr die HNO Praxis, Klinik und Notfallversorgung, Einweg-PVA-Schw\u00e4mmchen mit Haltef\u00e4den, steril verpackt, 10 Sets \u00e0 2 St\u00fcck<\/p>\n","protected":false},"featured_media":2272,"comment_status":"open","ping_status":"closed","template":"","meta":[],"product_cat":[17,1083],"product_tag":[],"class_list":{"0":"post-2266","1":"product","2":"type-product","3":"status-publish","4":"has-post-thumbnail","6":"product_cat-hno","7":"product_cat-netcell_pva_tamponaden_schwaemmchen_otologie_rhinologie","9":"first","10":"instock","11":"shipping-taxable","12":"purchasable","13":"product-type-variable"},"_links":{"self":[{"href":"https:\/\/gvbm.net\/index.php\/wp-json\/wp\/v2\/product\/2266","targetHints":{"allow":["GET"]}}],"collection":[{"href":"https:\/\/gvbm.net\/index.php\/wp-json\/wp\/v2\/product"}],"about":[{"href":"https:\/\/gvbm.net\/index.php\/wp-json\/wp\/v2\/types\/product"}],"replies":[{"embeddable":true,"href":"https:\/\/gvbm.net\/index.php\/wp-json\/wp\/v2\/comments?post=2266"}],"wp:featuredmedia":[{"embeddable":true,"href":"https:\/\/gvbm.net\/index.php\/wp-json\/wp\/v2\/media\/2272"}],"wp:attachment":[{"href":"https:\/\/gvbm.net\/index.php\/wp-json\/wp\/v2\/media?parent=2266"}],"wp:term":[{"taxonomy":"product_cat","embeddable":true,"href":"https:\/\/gvbm.net\/index.php\/wp-json\/wp\/v2\/product_cat?post=2266"},{"taxonomy":"product_tag","embeddable":true,"href":"https:\/\/gvbm.net\/index.php\/wp-json\/wp\/v2\/product_tag?post=2266"}],"curies":[{"name":"wp","href":"https:\/\/api.w.org\/{rel}","templated":true}]}}