{"id":3171,"date":"2022-03-22T08:54:05","date_gmt":"2022-03-22T08:54:05","guid":{"rendered":"https:\/\/gvbm.net\/?post_type=product&#038;p=3171"},"modified":"2025-09-11T23:01:41","modified_gmt":"2025-09-11T23:01:41","slug":"glaukomkanuele-n-lederer-trabekulektomie-revision","status":"publish","type":"product","link":"https:\/\/gvbm.net\/index.php\/produkt\/glaukomkanuele-n-lederer-trabekulektomie-revision\/","title":{"rendered":"Glaukomkan\u00fcle n. Lederer (Trabekulektomie-Revision)"},"content":{"rendered":"<h4>Anwendungsbereiche<\/h4>\n<p>Unsere Glaukom-Kan\u00fcle n. Lederer erm\u00f6glicht das inzisionale Entfernen einer episkleralen Fibrose an der Stelle einer fehlgeschlagenen Trabekulektomie.<\/p>\n<h4>Material &amp; Form<\/h4>\n<p>Der\u00a0<a href=\"http:\/\/www.adhesivedispensers.co.uk\/Images\/actaper3.jpg\" target=\"_blank\" rel=\"noopener\">Luer-Lock<\/a>\u00a0Anschluss passt auf alle g\u00e4ngigen\u00a0Schlauchadapter\u00a0und Spritzen.<\/p>\n<h4>Herstellung &amp; Zertifizierung<\/h4>\n<p><a name=\"_GoBack\"><\/a>Der Herstellungs- sowie Sterilisationsprozess durch\u00a0<a href=\"https:\/\/www.eaglelabs.com\/\" target=\"_blank\" rel=\"noopener\">Eagle Labs<\/a>\u00a0gew\u00e4hrleisten hohe Stabilit\u00e4t, Bruchfestigkeit und eine saubere, anwenderoptimierte L\u00f6sung. Das Produkt ist durch Network Medical Products Ltd.\u00a0ISO 13485\u00a0und\u00a0CE\u00a0zertifiziert. Weitere Informationen zu der Zertifizierung finden Sie\u00a0<a href=\"https:\/\/gvbm.net\/index.php\/unternehmen\/qualitaet-zertifikate\/\">hier<\/a>.<\/p>\n","protected":false},"excerpt":{"rendered":"<h5>Glaukomkan\u00fcle n. Lederer (Trabekulektomie-Revision)<\/h5>\n<p>Einmal-Revisionskan\u00fcle, 27GA, 13 mm Spitze, 2,5 cm Rohrl\u00e4nge, steril, 10 Stk je Verkaufseinheit<\/p>\n","protected":false},"featured_media":3172,"comment_status":"open","ping_status":"closed","template":"","meta":[],"product_cat":[695,1110,1086],"product_tag":[],"class_list":{"0":"post-3171","1":"product","2":"type-product","3":"status-publish","4":"has-post-thumbnail","6":"product_cat-ophthalmologie","7":"product_cat-diverse-kanuelen","8":"product_cat-einmal-kanuelen","10":"first","11":"instock","12":"shipping-taxable","13":"purchasable","14":"product-type-variable"},"_links":{"self":[{"href":"https:\/\/gvbm.net\/index.php\/wp-json\/wp\/v2\/product\/3171","targetHints":{"allow":["GET"]}}],"collection":[{"href":"https:\/\/gvbm.net\/index.php\/wp-json\/wp\/v2\/product"}],"about":[{"href":"https:\/\/gvbm.net\/index.php\/wp-json\/wp\/v2\/types\/product"}],"replies":[{"embeddable":true,"href":"https:\/\/gvbm.net\/index.php\/wp-json\/wp\/v2\/comments?post=3171"}],"wp:featuredmedia":[{"embeddable":true,"href":"https:\/\/gvbm.net\/index.php\/wp-json\/wp\/v2\/media\/3172"}],"wp:attachment":[{"href":"https:\/\/gvbm.net\/index.php\/wp-json\/wp\/v2\/media?parent=3171"}],"wp:term":[{"taxonomy":"product_cat","embeddable":true,"href":"https:\/\/gvbm.net\/index.php\/wp-json\/wp\/v2\/product_cat?post=3171"},{"taxonomy":"product_tag","embeddable":true,"href":"https:\/\/gvbm.net\/index.php\/wp-json\/wp\/v2\/product_tag?post=3171"}],"curies":[{"name":"wp","href":"https:\/\/api.w.org\/{rel}","templated":true}]}}