{"id":3730,"date":"2024-06-11T07:38:12","date_gmt":"2024-06-11T07:38:12","guid":{"rendered":"https:\/\/gvbm.net\/?post_type=product&#038;p=3730"},"modified":"2025-09-03T19:16:45","modified_gmt":"2025-09-03T19:16:45","slug":"dissektionsmesser","status":"publish","type":"product","link":"https:\/\/gvbm.net\/index.php\/produkt\/dissektionsmesser\/","title":{"rendered":"Dissektionsmesser"},"content":{"rendered":"<h4>Anwendungsbereiche<\/h4>\n<p>Unser mikrochirurgisches Dissektionsmesser mit leicht geschwungenem Messerhals ist ein einmalverwendbares chirurgisches Instrument, welches f\u00fcr das Schneiden der Dura Mater, des intrakraniellen und spinalen Tumorgewebes sowie der Arachnoid-Schicht in r\u00e4umlich begrenzten Stellen des operierten Bereiches wie z.B. <a href=\"https:\/\/upload.wikimedia.org\/wikipedia\/commons\/2\/26\/Blausen_0618_LumbarSpine.png\" target=\"_blank\" rel=\"noopener\">lumbale<\/a> und <a href=\"https:\/\/www.doc-burger.de\/wp-content\/uploads\/2018\/02\/Bild-4_montage-hws_fotolia.jpg\" target=\"_blank\" rel=\"noopener\">zervikale<\/a> Regionen der Wirbels\u00e4ule oder <a href=\"https:\/\/upload.wikimedia.org\/wikipedia\/commons\/9\/9f\/Cranial_bones_es.svg\" target=\"_blank\" rel=\"noopener\">intrakraniellen<\/a> Zug\u00e4ngen verwendet wird. Die Einweg-Messerklinge ist mit einem Mehrweg-Handgriff verbindbar.<\/p>\n<h4>Lieferumfang<\/h4>\n<p>Die Einweg-Messerklinge wird in einer sterilen Plastikkartusche zur Entnahme mit dem Mehrweg-Handgriff im OP geliefert.<\/p>\n<h4>Material &amp; Form<\/h4>\n<p>Die Klinge besteht aus rostfreiem Stahl, das Verbindungsst\u00fcck (Klickverschluss) ist aus ABS hergestellt.<\/p>\n<h4>Herstellung &amp; Zertifizierung<\/h4>\n<p>Der Herstellungs- sowie Sterilisationsprozess in China durch <a href=\"https:\/\/www.bhky.com.cn\/\" target=\"_blank\" rel=\"noopener\">Beijing Bohaikangyuan Medical Devices<\/a> (BHKY) gew\u00e4hrleisten hohe Stabilit\u00e4t, Bruchfestigkeit und eine saubere, anwenderoptimierte L\u00f6sung. Das Produkt ist durch BHKY nach ISO 13485 und CE zertifiziert. Weitere Informationen zu der Zertifizierung finden Sie <a href=\"https:\/\/gvbm.net\/index.php\/unternehmen\/qualitaet-zertifikate\/\">hier<\/a>.<\/p>\n","protected":false},"excerpt":{"rendered":"<p>Dissektionsmesser \u2013 Einmalmesser mit 12,5 mm Klingenl\u00e4nge (inkl. Hals) und 3 mm Klingenbreite. Beidseitig scharf, steril verpackt, 5 Stk je Verkaufseinheit.<\/p>\n","protected":false},"featured_media":3736,"comment_status":"open","ping_status":"closed","template":"","meta":[],"product_cat":[1117,88],"product_tag":[],"class_list":{"0":"post-3730","1":"product","2":"type-product","3":"status-publish","4":"has-post-thumbnail","6":"product_cat-einmal-messer","7":"product_cat-wirbelsaeulen-neurochirurgie","9":"first","10":"instock","11":"shipping-taxable","12":"purchasable","13":"product-type-simple"},"_links":{"self":[{"href":"https:\/\/gvbm.net\/index.php\/wp-json\/wp\/v2\/product\/3730","targetHints":{"allow":["GET"]}}],"collection":[{"href":"https:\/\/gvbm.net\/index.php\/wp-json\/wp\/v2\/product"}],"about":[{"href":"https:\/\/gvbm.net\/index.php\/wp-json\/wp\/v2\/types\/product"}],"replies":[{"embeddable":true,"href":"https:\/\/gvbm.net\/index.php\/wp-json\/wp\/v2\/comments?post=3730"}],"wp:featuredmedia":[{"embeddable":true,"href":"https:\/\/gvbm.net\/index.php\/wp-json\/wp\/v2\/media\/3736"}],"wp:attachment":[{"href":"https:\/\/gvbm.net\/index.php\/wp-json\/wp\/v2\/media?parent=3730"}],"wp:term":[{"taxonomy":"product_cat","embeddable":true,"href":"https:\/\/gvbm.net\/index.php\/wp-json\/wp\/v2\/product_cat?post=3730"},{"taxonomy":"product_tag","embeddable":true,"href":"https:\/\/gvbm.net\/index.php\/wp-json\/wp\/v2\/product_tag?post=3730"}],"curies":[{"name":"wp","href":"https:\/\/api.w.org\/{rel}","templated":true}]}}