{"id":3842,"date":"2024-07-24T10:52:42","date_gmt":"2024-07-24T10:52:42","guid":{"rendered":"https:\/\/gvbm.net\/?post_type=product&#038;p=3842"},"modified":"2025-09-24T23:09:01","modified_gmt":"2025-09-24T23:09:01","slug":"zervix-abstrichbuerste-gynobrush","status":"publish","type":"product","link":"https:\/\/gvbm.net\/index.php\/produkt\/zervix-abstrichbuerste-gynobrush\/","title":{"rendered":"Zervix-Abstrichb\u00fcrste Gynobrush\u00ae Plus"},"content":{"rendered":"<section class=\"section mcb-section the_content has_content\">\n<div class=\"section_wrapper\">\n<div class=\"the_content_wrapper \">\n<h4>Anwendungsbereiche<\/h4>\n<p>Unsere Zervix-Abstrichb\u00fcrste Gynobrush\u00ae Plus ist ein einmalverwendbares Instrument, welches f\u00fcr die Entnahme von Zellproben vom Geb\u00e4rmutterhals (endozervikal) verwendet wird. Es stehen mehrere B\u00fcrstengeometrien zur Auswahl.<\/p>\n<h4>Material &amp; Form<\/h4>\n<p>Die B\u00fcrsten haben eine Gesamtl\u00e4nge von 200 mm. Der Durchmesser des Plastikrohrs betr\u00e4gt 2 mm.<\/p>\n<h4>Herstellung &amp; Zertifizierung<\/h4>\n<p>Der Herstellungs- sowie Sterilisationsprozess durch Heinz Herenz Hamburg gew\u00e4hrleisten hohe Stabilit\u00e4t, Bruchfestigkeit und eine saubere, anwenderoptimierte L\u00f6sung. Das Produkt ist durch Heinz Herenz Hamburg ISO 13485 und CE zertifiziert. Weitere Informationen zu der Zertifizierung finden Sie <a href=\"https:\/\/gvbm.net\/index.php\/unternehmen\/qualitaet-zertifikate\/\">hier<\/a>.<\/p>\n<\/div>\n<\/div>\n<\/section>\n","protected":false},"excerpt":{"rendered":"<p>Zervix-Abstrichb\u00fcrste Gynobrush\u00ae Plus-Einweg-Zervizb\u00fcrstchen mit Sicherheitskugelspitze, unsteril verpackt, 100 Stk je Verkaufseinheit<\/p>\n","protected":false},"featured_media":3848,"comment_status":"open","ping_status":"closed","template":"","meta":[],"product_cat":[139,1119],"product_tag":[],"class_list":{"0":"post-3842","1":"product","2":"type-product","3":"status-publish","4":"has-post-thumbnail","6":"product_cat-gynaekologie","7":"product_cat-zervix-abstrichbuerste-gynobrush","9":"first","10":"instock","11":"shipping-taxable","12":"purchasable","13":"product-type-simple"},"_links":{"self":[{"href":"https:\/\/gvbm.net\/index.php\/wp-json\/wp\/v2\/product\/3842","targetHints":{"allow":["GET"]}}],"collection":[{"href":"https:\/\/gvbm.net\/index.php\/wp-json\/wp\/v2\/product"}],"about":[{"href":"https:\/\/gvbm.net\/index.php\/wp-json\/wp\/v2\/types\/product"}],"replies":[{"embeddable":true,"href":"https:\/\/gvbm.net\/index.php\/wp-json\/wp\/v2\/comments?post=3842"}],"wp:featuredmedia":[{"embeddable":true,"href":"https:\/\/gvbm.net\/index.php\/wp-json\/wp\/v2\/media\/3848"}],"wp:attachment":[{"href":"https:\/\/gvbm.net\/index.php\/wp-json\/wp\/v2\/media?parent=3842"}],"wp:term":[{"taxonomy":"product_cat","embeddable":true,"href":"https:\/\/gvbm.net\/index.php\/wp-json\/wp\/v2\/product_cat?post=3842"},{"taxonomy":"product_tag","embeddable":true,"href":"https:\/\/gvbm.net\/index.php\/wp-json\/wp\/v2\/product_tag?post=3842"}],"curies":[{"name":"wp","href":"https:\/\/api.w.org\/{rel}","templated":true}]}}