{"id":3964,"date":"2024-11-28T14:12:53","date_gmt":"2024-11-28T14:12:53","guid":{"rendered":"https:\/\/gvbm.net\/?post_type=product&#038;p=3964"},"modified":"2025-09-20T22:19:18","modified_gmt":"2025-09-20T22:19:18","slug":"kraniotomie-abdecktuch-set","status":"publish","type":"product","link":"https:\/\/gvbm.net\/index.php\/produkt\/kraniotomie-abdecktuch-set\/","title":{"rendered":"Kraniotomie-Abdecktuch-Set"},"content":{"rendered":"<section class=\"section mcb-section the_content has_content\">\n<div class=\"section_wrapper\">\n<div class=\"the_content_wrapper \">\n<h4>Anwendungsbereiche<\/h4>\n<p>Das <strong data-start=\"708\" data-end=\"738\">Kraniotomie-Abdecktuch-Set<\/strong> ist ein <strong data-start=\"747\" data-end=\"772\">steriles OP-Drape-Set<\/strong>, das speziell f\u00fcr die <strong data-start=\"795\" data-end=\"813\">Neurochirurgie<\/strong> entwickelt wurde. Es erm\u00f6glicht ein sicheres und antiseptisches Abdecken des Patienten w\u00e4hrend der Operation und bietet durch die integrierten Folien und Fl\u00fcssigkeitsauffangbeutel optimalen Schutz f\u00fcr Patient und Anwender.<\/p>\n<h4>Material &amp; Form<\/h4>\n<p>Bestandteile des Kraniotomie-Abdecktuch-Sets:<br \/>\n\u25aa 1 OP-Klebeband, Ma\u00dfe: 50 x 9 cm, bestehend aus hypoallergenem Acrylat<br \/>\n\u25aa 2 Handt\u00fccher, Ma\u00dfe: 30 x 40 cm, bestehend aus fusselfreiem Cellulose<br \/>\n\u25aa 4 Einseitig-selbstklebende OP-T\u00fccher, Ma\u00dfe: 75 x 75 cm, bestehend aus 1 Schicht hydrophiler Flies und 1 Schicht<br \/>\nPolyethylene-Folie (Wasser- und mikrobendichtes Verbundgewebe)<br \/>\n\u25aa 1 Kraniotomie-Abdecktuch, Ma\u00dfe: 325 x 260 cm, bestehend aus 1 Schicht hydrophiler Flies und 1 Schicht Polyethylene-Folie<br \/>\n(Wasser- und mikrobendichtes Verbundgewebe), mit Sammelbeutel aus Polyethylen-Folie<br \/>\n\u25aa 1 Tischabdeckung, Ma\u00dfe: 190 x 150 cm, bestehend aus 1 Schicht Polyethylen-Folie und 1 Schicht verst\u00e4rkter Flies (Wasser-<br \/>\nund mikrobendichtes Verbundgewebe)<\/p>\n<h4>Herstellung &amp; Zertifizierung<\/h4>\n<p><a name=\"_GoBack\"><\/a>Der Herstellungs- sowie Sterilisationsprozess durch die Oasipor Medical S.A. gew\u00e4hrleistet eine qualitativ hochwertige, saubere, anwenderoptimierte L\u00f6sung. Das Produkt ist durch Oasipor Medical S.A. zertifiziert.<\/p>\n<\/div>\n<\/div>\n<\/section>\n","protected":false},"excerpt":{"rendered":"<p>Kraniotomie-Abdecktuch-Set f\u00fcr neurochirurgische Eingriffe. Mit Inzisionsfolie &amp; Fl\u00fcssigkeitsauffangbeutel. Steril verpackt, 4 St\u00fcck je Verkaufseinheit.<\/p>\n","protected":false},"featured_media":3965,"comment_status":"open","ping_status":"closed","template":"","meta":[],"product_cat":[88,1123],"product_tag":[],"class_list":{"0":"post-3964","1":"product","2":"type-product","3":"status-publish","4":"has-post-thumbnail","6":"product_cat-wirbelsaeulen-neurochirurgie","7":"product_cat-abdecktuecher_neuro","9":"first","10":"instock","11":"shipping-taxable","12":"purchasable","13":"product-type-simple"},"_links":{"self":[{"href":"https:\/\/gvbm.net\/index.php\/wp-json\/wp\/v2\/product\/3964","targetHints":{"allow":["GET"]}}],"collection":[{"href":"https:\/\/gvbm.net\/index.php\/wp-json\/wp\/v2\/product"}],"about":[{"href":"https:\/\/gvbm.net\/index.php\/wp-json\/wp\/v2\/types\/product"}],"replies":[{"embeddable":true,"href":"https:\/\/gvbm.net\/index.php\/wp-json\/wp\/v2\/comments?post=3964"}],"wp:featuredmedia":[{"embeddable":true,"href":"https:\/\/gvbm.net\/index.php\/wp-json\/wp\/v2\/media\/3965"}],"wp:attachment":[{"href":"https:\/\/gvbm.net\/index.php\/wp-json\/wp\/v2\/media?parent=3964"}],"wp:term":[{"taxonomy":"product_cat","embeddable":true,"href":"https:\/\/gvbm.net\/index.php\/wp-json\/wp\/v2\/product_cat?post=3964"},{"taxonomy":"product_tag","embeddable":true,"href":"https:\/\/gvbm.net\/index.php\/wp-json\/wp\/v2\/product_tag?post=3964"}],"curies":[{"name":"wp","href":"https:\/\/api.w.org\/{rel}","templated":true}]}}