{"id":3982,"date":"2024-12-02T15:22:27","date_gmt":"2024-12-02T15:22:27","guid":{"rendered":"https:\/\/gvbm.net\/?post_type=product&#038;p=3982"},"modified":"2025-11-30T15:36:49","modified_gmt":"2025-11-30T15:36:49","slug":"gynaekologie-abdecktuch-set","status":"publish","type":"product","link":"https:\/\/gvbm.net\/index.php\/produkt\/gynaekologie-abdecktuch-set\/","title":{"rendered":"Gyn\u00e4kologie-Abdecktuch-Set"},"content":{"rendered":"<h4>Anwendungsbereiche<\/h4>\n<p>Das Gyn\u00e4kologie-Abdecktuch-Set ist ein steriles OP-Set, das ein antiseptisches Abdecken des Patienten w\u00e4hrend gyn\u00e4kologischer Eingriffe erm\u00f6glicht.<\/p>\n<h4>Material &amp; Form<\/h4>\n<p>Bestandteile des Kraniotomie-Abdecktuch-Sets:<br \/>\n\u25aa 1 OP-Klebeband, Ma\u00dfe: 50 x 9 cm, bestehend aus hypoallergenem Acrylat<br \/>\n\u25aa 2 Handt\u00fccher, Ma\u00dfe: 30 x 40 cm, bestehend aus fusselfreiem Cellulose<br \/>\n\u25aa 1 Gyn\u00e4kologie-Abdecktuch, Ma\u00dfe: 250 x 180 cm, bestehend aus 1 Schicht hydrophiler Flies und 1 Schicht Polyethylene-Folie<br \/>\n(Wasser- und mikrobendichtes Verbundgewebe), mit Sammelbeutel aus Polyethylen-Folie<br \/>\n\u25aa 1 Tischabdeckung, Ma\u00dfe: 190 x 150 cm, bestehend aus 1 Schicht Polyethylen-Folie und 1 Schicht verst\u00e4rkter Flies (Wasser-<br \/>\nund mikrobendichtes Verbundgewebe)<\/p>\n<h4>Herstellung &amp; Zertifizierung<\/h4>\n<p><a name=\"_GoBack\"><\/a>Der Herstellungs- sowie Sterilisationsprozess durch die Oasipor Medical S.A. gew\u00e4hrleistet eine qualitativ hochwertige, saubere, anwenderoptimierte L\u00f6sung. Das Produkt ist durch Oasipor Medical S.A. zertifiziert.<\/p>\n","protected":false},"excerpt":{"rendered":"<p>Gyn\u00e4kologie-Abdecktuch-Set \u2013 OP-Drape-Set mit Fl\u00fcssigkeitsauffangbeutel, steril, 10 Stk je Verkaufseinheit<\/p>\n","protected":false},"featured_media":3983,"comment_status":"open","ping_status":"closed","template":"","meta":[],"product_cat":[139,1125],"product_tag":[],"class_list":{"0":"post-3982","1":"product","2":"type-product","3":"status-publish","4":"has-post-thumbnail","6":"product_cat-gynaekologie","7":"product_cat-abdecktuecher_gyn","9":"first","10":"instock","11":"shipping-taxable","12":"purchasable","13":"product-type-simple"},"_links":{"self":[{"href":"https:\/\/gvbm.net\/index.php\/wp-json\/wp\/v2\/product\/3982","targetHints":{"allow":["GET"]}}],"collection":[{"href":"https:\/\/gvbm.net\/index.php\/wp-json\/wp\/v2\/product"}],"about":[{"href":"https:\/\/gvbm.net\/index.php\/wp-json\/wp\/v2\/types\/product"}],"replies":[{"embeddable":true,"href":"https:\/\/gvbm.net\/index.php\/wp-json\/wp\/v2\/comments?post=3982"}],"wp:featuredmedia":[{"embeddable":true,"href":"https:\/\/gvbm.net\/index.php\/wp-json\/wp\/v2\/media\/3983"}],"wp:attachment":[{"href":"https:\/\/gvbm.net\/index.php\/wp-json\/wp\/v2\/media?parent=3982"}],"wp:term":[{"taxonomy":"product_cat","embeddable":true,"href":"https:\/\/gvbm.net\/index.php\/wp-json\/wp\/v2\/product_cat?post=3982"},{"taxonomy":"product_tag","embeddable":true,"href":"https:\/\/gvbm.net\/index.php\/wp-json\/wp\/v2\/product_tag?post=3982"}],"curies":[{"name":"wp","href":"https:\/\/api.w.org\/{rel}","templated":true}]}}