{"id":4066,"date":"2025-05-13T10:53:34","date_gmt":"2025-05-13T10:53:34","guid":{"rendered":"https:\/\/gvbm.net\/?post_type=product&#038;p=4066"},"modified":"2025-09-22T22:48:20","modified_gmt":"2025-09-22T22:48:20","slug":"sim-drain-redon-drainage","status":"publish","type":"product","link":"https:\/\/gvbm.net\/index.php\/produkt\/sim-drain-redon-drainage\/","title":{"rendered":"Sim Drain\u00ae Redon-Drainage mit Multifilamentgarn"},"content":{"rendered":"<h4>Anwendungsbereiche<\/h4>\n<p>Unser Sim Drain\u00ae Redon-Drainage mit Multifilamentgarn ist ein einmalverwendbarer Drainageschlauch, welcher f\u00fcr das (postoperative) Abf\u00fchren von Fl\u00fcssigkeiten wie Sekreten und Blut aus Stellen des operierten Bereiches wie z.B. <a href=\"https:\/\/upload.wikimedia.org\/wikipedia\/commons\/9\/9f\/Cranial_bones_es.svg\" target=\"_blank\" rel=\"noopener\">intrakraniellen<\/a> Zug\u00e4ngen verwendet wird. Das System zeichnet sich durch ein Multifilamentgarn im Silikonmantel aus, die das Risiko einer vollst\u00e4ndigen Drainageverstopfung minimiert, trotz des schonenden Niedervakuums. Das Risiko eines Verschlusses ist deutlich verringert, weil das Garn aufgrund seiner kapilaren Wirkung weiterhin Fl\u00fcssigkeit in Gegenwart von Gerinseln und Fibrogenen transportiert. Das spezielle Design macht die Drainage robuster und verhindert drosselnde Knicke oder Einquetschung.<\/p>\n<h4>Anwendungsschritte<\/h4>\n<p>Das sekretabf\u00fchrende Garn kann im Fall einer Verstopfung der Drainage durch Entfernen der gelben Kappe herausgezogen werden, w\u00e4hrend der Drainageabfluss \u00fcber den anderen Schenkel des Y-Verteilers ohne Unterbrechung fortsetzt. Eine Hand h\u00e4lt dabei den Y-Verteiler, w\u00e4hrend die andere Hand die gelbe Kappe vorsichtig abzieht, bis das gesamte Filament aus der Drainage entfernt ist. M\u00f6gliche Gerinsel werden dabei aus der Drainage entfernt, sodass Fl\u00fcssigkeiten anschlie\u00dfend ungehindert passieren k\u00f6nnen. Das Garn sollte ohne Verz\u00f6gerung von der Kappe entfernt und diese wieder auf den Verteiler gesteckt werden. Die Entfernung des Garns erspart medizinischem Fachpersonal m\u00f6glicherweise aufw\u00e4ndige Eingriffe zur Wiederherstellung der Drainagefunktionalit\u00e4t. Sim Drain darf nicht in Verbindung mit elektrischen Drainagepumpen oder anderen starken Pumpsystemen (z.B. wandmontierte Pumpsysteme) verwendet werden.<\/p>\n<h4>Material &amp; Form<\/h4>\n<p>Der Drainageschlauch ist aus Medical-Grade Silikon hergestellt.<\/p>\n<h4>Herstellung &amp; Zertifizierung<\/h4>\n<p>Der Herstellungs- sowie Sterilisationsprozess in Italien durch <a href=\"http:\/\/www.medeurope.eu\/products\/sterile-disposable-surgical-transducer\" target=\"_blank\" rel=\"noopener\">Med Europe s.r.l.<\/a> gew\u00e4hrleisten hohe Qualit\u00e4t und eine saubere, anwenderoptimierte L\u00f6sung. Das Produkt ist durch Med Europe s.r.l. ISO 13485 und CE zertifiziert. Weitere Informationen zu der Zertifizierung finden Sie <a href=\"https:\/\/gvbm.net\/index.php\/unternehmen\/qualitaet-zertifikate\/\">hier<\/a>.<\/p>\n","protected":false},"excerpt":{"rendered":"<p>Sim Drain\u00ae Redon-Drainage mit Multifilamentgarn, Niedervakuum-Einwegdrainage, 50 cm Drainagel\u00e4nge, 15 cm perforierter Anteil, steril verpackt, 20 St\u00fcck je Verkaufseinheit.<\/p>\n","protected":false},"featured_media":4067,"comment_status":"open","ping_status":"closed","template":"","meta":[],"product_cat":[1122],"product_tag":[],"class_list":{"0":"post-4066","1":"product","2":"type-product","3":"status-publish","4":"has-post-thumbnail","6":"product_cat-einwegdrainage","8":"first","9":"instock","10":"shipping-taxable","11":"purchasable","12":"product-type-variable"},"_links":{"self":[{"href":"https:\/\/gvbm.net\/index.php\/wp-json\/wp\/v2\/product\/4066","targetHints":{"allow":["GET"]}}],"collection":[{"href":"https:\/\/gvbm.net\/index.php\/wp-json\/wp\/v2\/product"}],"about":[{"href":"https:\/\/gvbm.net\/index.php\/wp-json\/wp\/v2\/types\/product"}],"replies":[{"embeddable":true,"href":"https:\/\/gvbm.net\/index.php\/wp-json\/wp\/v2\/comments?post=4066"}],"wp:featuredmedia":[{"embeddable":true,"href":"https:\/\/gvbm.net\/index.php\/wp-json\/wp\/v2\/media\/4067"}],"wp:attachment":[{"href":"https:\/\/gvbm.net\/index.php\/wp-json\/wp\/v2\/media?parent=4066"}],"wp:term":[{"taxonomy":"product_cat","embeddable":true,"href":"https:\/\/gvbm.net\/index.php\/wp-json\/wp\/v2\/product_cat?post=4066"},{"taxonomy":"product_tag","embeddable":true,"href":"https:\/\/gvbm.net\/index.php\/wp-json\/wp\/v2\/product_tag?post=4066"}],"curies":[{"name":"wp","href":"https:\/\/api.w.org\/{rel}","templated":true}]}}