{"id":4109,"date":"2025-07-01T07:17:36","date_gmt":"2025-07-01T07:17:36","guid":{"rendered":"https:\/\/gvbm.net\/?post_type=product&#038;p=4109"},"modified":"2025-09-21T16:11:48","modified_gmt":"2025-09-21T16:11:48","slug":"parazenteseklingen","status":"publish","type":"product","link":"https:\/\/gvbm.net\/index.php\/produkt\/parazenteseklingen\/","title":{"rendered":"Parazenteseklingen (Myringotomie)"},"content":{"rendered":"<section class=\"section mcb-section the_content has_content\">\n<div class=\"section_wrapper\">\n<div class=\"the_content_wrapper \">\n<h4>Anwendungsbereiche<\/h4>\n<p>Unsere Parazenteseklingen (Myringotomie) sind einmalverwendbare chirurgische Instrumente, die f\u00fcr die pr\u00e4zise Punktierung des Trommelfells (Membrana tympanica) eingesetzt werden.<br \/>\nZur Auswahl stehen verschiedene Schaft- und Klingenformen, je nach Operationsanforderung.<br \/>\nF\u00fcr die Anwendung wird ein passender Handgriff ben\u00f6tigt.<\/p>\n<h4>Material &amp; Form<\/h4>\n<ul>\n<li>Scharfe, pr\u00e4zise Einwegklingen<\/li>\n<li>Erh\u00e4ltlich in verschiedenen Schaft- und Klingenformen<\/li>\n<li>Kompatibel mit entsprechenden Handgriffen<\/li>\n<\/ul>\n<h4>Herstellung &amp; Zertifizierung<\/h4>\n<p>Der Herstellungs- sowie Sterilisationsprozess in den USA und CE-Zertifizierung durch <a href=\"http:\/\/dtrmedical.com\/products\/needle-holders\/\" target=\"_blank\" rel=\"noopener\">DTR medical Ltd.<\/a> gew\u00e4hrleisten hohe Stabilit\u00e4t, Bruchfestigkeit und eine saubere, anwenderoptimierte L\u00f6sung.\u00a0Weitere Informationen zu der Zertifizierung finden Sie <a href=\"https:\/\/gvbm.net\/index.php\/unternehmen\/qualitaet-zertifikate\/\">hier<\/a>.<\/p>\n<\/div>\n<\/div>\n<\/section>\n","protected":false},"excerpt":{"rendered":"<p>Parazenteseklingen f\u00fcr Myringotomie. Verschiedene Schaft- und Klingenformen verf\u00fcgbar. Steril verpackt, 6 St\u00fcck je Verkaufseinheit.<\/p>\n","protected":false},"featured_media":4108,"comment_status":"open","ping_status":"closed","template":"","meta":[],"product_cat":[1105,17],"product_tag":[],"class_list":{"0":"post-4109","1":"product","2":"type-product","3":"status-publish","4":"has-post-thumbnail","6":"product_cat-einmal-messer-hno","7":"product_cat-hno","9":"first","10":"instock","11":"shipping-taxable","12":"purchasable","13":"product-type-variable"},"_links":{"self":[{"href":"https:\/\/gvbm.net\/index.php\/wp-json\/wp\/v2\/product\/4109","targetHints":{"allow":["GET"]}}],"collection":[{"href":"https:\/\/gvbm.net\/index.php\/wp-json\/wp\/v2\/product"}],"about":[{"href":"https:\/\/gvbm.net\/index.php\/wp-json\/wp\/v2\/types\/product"}],"replies":[{"embeddable":true,"href":"https:\/\/gvbm.net\/index.php\/wp-json\/wp\/v2\/comments?post=4109"}],"wp:featuredmedia":[{"embeddable":true,"href":"https:\/\/gvbm.net\/index.php\/wp-json\/wp\/v2\/media\/4108"}],"wp:attachment":[{"href":"https:\/\/gvbm.net\/index.php\/wp-json\/wp\/v2\/media?parent=4109"}],"wp:term":[{"taxonomy":"product_cat","embeddable":true,"href":"https:\/\/gvbm.net\/index.php\/wp-json\/wp\/v2\/product_cat?post=4109"},{"taxonomy":"product_tag","embeddable":true,"href":"https:\/\/gvbm.net\/index.php\/wp-json\/wp\/v2\/product_tag?post=4109"}],"curies":[{"name":"wp","href":"https:\/\/api.w.org\/{rel}","templated":true}]}}