{"id":4189,"date":"2025-08-18T06:43:50","date_gmt":"2025-08-18T06:43:50","guid":{"rendered":"https:\/\/gvbm.net\/?post_type=product&#038;p=4189"},"modified":"2025-09-24T22:16:48","modified_gmt":"2025-09-24T22:16:48","slug":"standard-yankauer","status":"publish","type":"product","link":"https:\/\/gvbm.net\/index.php\/produkt\/standard-yankauer\/","title":{"rendered":"Standard-Yankauer"},"content":{"rendered":"<section class=\"section mcb-section the_content has_content\">\n<div class=\"section_wrapper\">\n<div class=\"the_content_wrapper \">\n<h4>Anwendungsbereiche<\/h4>\n<p data-start=\"233\" data-end=\"487\">Unser Yankauer Einmalsauger ist ein einmalverwendbares chirurgisches Absauginstrument, welches f\u00fcr die Entfernung von Fl\u00fcssigkeiten und R\u00fcckst\u00e4nden aus r\u00e4umlich begrenzten Stellen des operierten Bereiches verwendet wird, z.\u202fB.:<\/p>\n<ul data-start=\"489\" data-end=\"564\">\n<li data-start=\"489\" data-end=\"510\">\n<p data-start=\"491\" data-end=\"510\">Nasen-Rachen-Raum<\/p>\n<\/li>\n<li data-start=\"511\" data-end=\"524\">\n<p data-start=\"513\" data-end=\"524\">Mundh\u00f6hle<\/p>\n<\/li>\n<li data-start=\"525\" data-end=\"564\">\n<p data-start=\"527\" data-end=\"564\">Kleinere Hohlr\u00e4ume in der Chirurgie<\/p>\n<\/li>\n<\/ul>\n<h4>Material &amp; Form<\/h4>\n<p>Der Yankauer Sauger ist vorgebogen. Die Saugleistung kann bei bestimmten Varianten durch ein kleines Aspirationsloch im ergonomisch geformten Handgriff kontrolliert werden.<\/p>\n<h4>Herstellung &amp; Zertifizierung<\/h4>\n<p>Der Hersteller Medline Inc. gew\u00e4hrleistet hohe Stabilit\u00e4t, Bruchfestigkeit und eine saubere, anwenderoptimierte L\u00f6sung. Das Produkt ist durch Medline Inc. ISO 13485 und CE zertifiziert. Weitere Informationen zu der Zertifizierung finden Sie <a href=\"https:\/\/gvbm.net\/index.php\/unternehmen\/qualitaet-zertifikate\/\">hier<\/a>.<\/p>\n<\/div>\n<\/div>\n<\/section>\n","protected":false},"excerpt":{"rendered":"<p>Standard-Yankauer-Einmalsauger, gebogen, steril verpackt, 50 St\u00fcck je Verkaufseinheit<\/p>\n","protected":false},"featured_media":4195,"comment_status":"open","ping_status":"closed","template":"","meta":[],"product_cat":[18,17,42],"product_tag":[],"class_list":{"0":"post-4189","1":"product","2":"type-product","3":"status-publish","4":"has-post-thumbnail","6":"product_cat-einmalsauger","7":"product_cat-hno","8":"product_cat-yankauer","10":"first","11":"instock","12":"shipping-taxable","13":"purchasable","14":"product-type-variable"},"_links":{"self":[{"href":"https:\/\/gvbm.net\/index.php\/wp-json\/wp\/v2\/product\/4189","targetHints":{"allow":["GET"]}}],"collection":[{"href":"https:\/\/gvbm.net\/index.php\/wp-json\/wp\/v2\/product"}],"about":[{"href":"https:\/\/gvbm.net\/index.php\/wp-json\/wp\/v2\/types\/product"}],"replies":[{"embeddable":true,"href":"https:\/\/gvbm.net\/index.php\/wp-json\/wp\/v2\/comments?post=4189"}],"wp:featuredmedia":[{"embeddable":true,"href":"https:\/\/gvbm.net\/index.php\/wp-json\/wp\/v2\/media\/4195"}],"wp:attachment":[{"href":"https:\/\/gvbm.net\/index.php\/wp-json\/wp\/v2\/media?parent=4189"}],"wp:term":[{"taxonomy":"product_cat","embeddable":true,"href":"https:\/\/gvbm.net\/index.php\/wp-json\/wp\/v2\/product_cat?post=4189"},{"taxonomy":"product_tag","embeddable":true,"href":"https:\/\/gvbm.net\/index.php\/wp-json\/wp\/v2\/product_tag?post=4189"}],"curies":[{"name":"wp","href":"https:\/\/api.w.org\/{rel}","templated":true}]}}