{"id":4528,"date":"2026-02-11T10:56:08","date_gmt":"2026-02-11T10:56:08","guid":{"rendered":"https:\/\/gvbm.net\/?post_type=product&#038;p=4528"},"modified":"2026-02-11T10:56:08","modified_gmt":"2026-02-11T10:56:08","slug":"nella-einweg-vaginalspekulum-aus-plastik","status":"publish","type":"product","link":"https:\/\/gvbm.net\/index.php\/produkt\/nella-einweg-vaginalspekulum-aus-plastik\/","title":{"rendered":"Nella Einweg-Vaginalspekulum aus Plastik"},"content":{"rendered":"<h4>Anwendungsbereiche<\/h4>\n<p>Unsere Vaginalspekula Nella Lieb und Nella Next sind einmalverwendbare Instrumente, welches f\u00fcr das Spreizen, Offenhalten und Sichern der Vagina w\u00e4hrend z.B. der <a href=\"https:\/\/www.netdoktor.de\/diagnostik\/kolposkopie\/\" target=\"_blank\" rel=\"noopener\">Kolposkopie<\/a>,\u00a0<a href=\"https:\/\/www.operieren.de\/e3224\/e10\/e886\/e898\/e3115\/\" target=\"_blank\" rel=\"noopener\">Hysteroskopie<\/a>,<a href=\"https:\/\/www.operieren.de\/e3224\/e10\/e886\/e898\/e967\/\" target=\"_blank\" rel=\"noopener\">\u00a0Abrasio<\/a>, o.\u00e4. verwendet werden. Die integrierten LED und Knopfbatterien erm\u00f6glichen eine Anwendung ohne Kolposkop oder anderweitiger Lichtquelle. Die Varianten Nella Lieb und Nella Next unterscheiden sich in Ihrer Gr\u00f6\u00dfe und Bauart.<\/p>\n<h4>Material &amp; Form<\/h4>\n<p>Das Spekulum aus Plastik tr\u00e4gt abgerundete Kanten und eine justierbare Arretierung der Aufspreizung. Das Nella Lieb Spekulum tr\u00e4gt neben den vertikal \u00f6ffnenden Spreizwangen (\u00e4hnlich wie bei einem Cusco Spekulum) noch horizontal \u00f6ffnende St\u00e4be, die einfallendes Scheidengewebe effektiv zur\u00fcckhalten. Daher ist das Nella Lieb Spekulum hervorragend f\u00fcr diejenigen Patientinnen geeignet, die klein gebaut sind, aber verringerte Gewebestabilit\u00e4t aufweisen &#8211; unabh\u00e4ngig davon, ob sie vor oder nach der Menopause sind.<\/p>\n<div class=\"BorlabsCookie _brlbs-cb-youtube\">\n<div class=\"_brlbs-content-blocker\">\n<div class=\"_brlbs-embed _brlbs-video-youtube\"> <img decoding=\"async\" class=\"_brlbs-thumbnail\" src=\"https:\/\/gvbm.net\/wp-content\/plugins\/borlabs-cookie\/assets\/images\/cb-no-thumbnail.png\" alt=\"YouTube\"> <\/p>\n<div class=\"_brlbs-caption\">\n<p>Mit dem Laden des Videos akzeptieren Sie die Datenschutzerkl\u00e4rung von YouTube.<br \/><a href=\"https:\/\/policies.google.com\/privacy\" target=\"_blank\" rel=\"nofollow noopener noreferrer\">Mehr erfahren<\/a><\/p>\n<p><a class=\"_brlbs-btn _brlbs-icon-play-white\" href=\"#\" data-borlabs-cookie-unblock role=\"button\">Video laden<\/a><\/p>\n<p><label><input type=\"checkbox\" name=\"unblockAll\" value=\"1\" checked> <small>YouTube immer entsperren<\/small><\/label><\/p>\n<\/p><\/div>\n<\/p><\/div>\n<\/p><\/div>\n<div class=\"borlabs-hide\" data-borlabs-cookie-type=\"content-blocker\" data-borlabs-cookie-id=\"youtube\"><script type=\"text\/template\">PGlmcmFtZSB0aXRsZT0iS29scG9za29waWUtUm91dGluZSBlbnR3aWNrZWxuIG1pdCBMTEVUWmxlYXJuwq4gVHJhaW5pbmciIHdpZHRoPSIxMjIwIiBoZWlnaHQ9IjY4NiIgc3JjPSJodHRwczovL3d3dy55b3V0dWJlLW5vY29va2llLmNvbS9lbWJlZC9BS2wzeUh5a1BXWT9mZWF0dXJlPW9lbWJlZCIgZnJhbWVib3JkZXI9IjAiIGFsbG93PSJhY2NlbGVyb21ldGVyOyBhdXRvcGxheTsgY2xpcGJvYXJkLXdyaXRlOyBlbmNyeXB0ZWQtbWVkaWE7IGd5cm9zY29wZTsgcGljdHVyZS1pbi1waWN0dXJlOyB3ZWItc2hhcmUiIHJlZmVycmVycG9saWN5PSJzdHJpY3Qtb3JpZ2luLXdoZW4tY3Jvc3Mtb3JpZ2luIiBhbGxvd2Z1bGxzY3JlZW4+PC9pZnJhbWU+<\/script><\/div>\n<\/div>\n<h4>Herstellung &amp; Zertifizierung<\/h4>\n<p>Der Herstellungs- sowie Sterilisationsprozess in den USA durch Ceek Women&#8217;s Health gew\u00e4hrleisten hohe Stabilit\u00e4t, Bruchfestigkeit und eine saubere, anwenderoptimierte L\u00f6sung. Das Produkt ist durch Ceek Women&#8217;s Health ISO 13485 und CE zertifiziert. Weitere Informationen zu der Zertifizierung finden Sie <a href=\"https:\/\/gvbm.net\/index.php\/unternehmen\/qualitaet-zertifikate\/\">hier<\/a>.<\/p>\n","protected":false},"excerpt":{"rendered":"<p>Vaginalspekula aus Plastik, mit oder ohne horizontale Seitenspreizer, Einwegprodukt, steril verpackt, 24 Stk je Verkaufseinheit<\/p>\n","protected":false},"featured_media":4531,"comment_status":"open","ping_status":"closed","template":"","meta":[],"product_cat":[139,151],"product_tag":[],"class_list":{"0":"post-4528","1":"product","2":"type-product","3":"status-publish","4":"has-post-thumbnail","6":"product_cat-gynaekologie","7":"product_cat-spekula-gynaekologie","9":"first","10":"instock","11":"shipping-taxable","12":"purchasable","13":"product-type-variable"},"_links":{"self":[{"href":"https:\/\/gvbm.net\/index.php\/wp-json\/wp\/v2\/product\/4528","targetHints":{"allow":["GET"]}}],"collection":[{"href":"https:\/\/gvbm.net\/index.php\/wp-json\/wp\/v2\/product"}],"about":[{"href":"https:\/\/gvbm.net\/index.php\/wp-json\/wp\/v2\/types\/product"}],"replies":[{"embeddable":true,"href":"https:\/\/gvbm.net\/index.php\/wp-json\/wp\/v2\/comments?post=4528"}],"wp:featuredmedia":[{"embeddable":true,"href":"https:\/\/gvbm.net\/index.php\/wp-json\/wp\/v2\/media\/4531"}],"wp:attachment":[{"href":"https:\/\/gvbm.net\/index.php\/wp-json\/wp\/v2\/media?parent=4528"}],"wp:term":[{"taxonomy":"product_cat","embeddable":true,"href":"https:\/\/gvbm.net\/index.php\/wp-json\/wp\/v2\/product_cat?post=4528"},{"taxonomy":"product_tag","embeddable":true,"href":"https:\/\/gvbm.net\/index.php\/wp-json\/wp\/v2\/product_tag?post=4528"}],"curies":[{"name":"wp","href":"https:\/\/api.w.org\/{rel}","templated":true}]}}