{"id":519,"date":"2019-01-24T10:32:39","date_gmt":"2019-01-24T10:32:39","guid":{"rendered":"https:\/\/gvbm-m1.ycdn.de\/index.php\/produkt\/at-sauger-adenoitomie-nasopharynx-zwei-mal-90-gebogen-horizontal-vertikal-rundes-aspirationsloch-silikon-spitze-einfach-steril-verpackt\/"},"modified":"2025-09-01T01:38:43","modified_gmt":"2025-09-01T01:38:43","slug":"at-sauger-adenoitomie-nasopharynx","status":"publish","type":"product","link":"https:\/\/gvbm.net\/index.php\/produkt\/at-sauger-adenoitomie-nasopharynx\/","title":{"rendered":"Adenotomie-Sauger n. Bleckmann"},"content":{"rendered":"<h4>Anwendungsbereiche<\/h4>\n<p>Der Adenotomie-Sauger n. Bleckmann ist ein einmalverwendbares chirurgisches Instrument zum Absaugen von Fl\u00fcssigkeiten und R\u00fcckst\u00e4nden aus r\u00e4umlich begrenzten Bereichen, z. B. nach einer Mandelentfernung (Adenotomie\/AT) im Rachen.<\/p>\n<h4>Material &amp; Form<\/h4>\n<p>Der Adenotomie-Sauger ist bereits zweifach 90\u00b0 vorgebogen und tr\u00e4gt einen silikonummantelten Rohrabschluss (<a href=\"http:\/\/knowledge.sourcebookmaterials.com\/usp-class-vi-silicone-is-independently-certified-for-biocompatibility\" target=\"_blank\" rel=\"noopener\">Medical Grade Silicon USP Class VI<\/a>), um umliegendes Gewebe vor Traumatisierung und L\u00e4sion zu sch\u00fctzen. Die Saugleistung wird durch ein kleines Aspirationsloch im ergonomisch geformten Handgriff, gefertigt aus latexfreiem <a href=\"https:\/\/www.kunststoffe.de\/themen\/basics\/technische-kunststoffe\/acrylnitril-butadien-styrol-abs\/artikel\/acrylnitril-butadien-styrol-copolymer-abs-2915695.html\" target=\"_blank\" rel=\"noopener\"> ABS<\/a>, kontrolliert.<\/p>\n<h4>Herstellung &amp; Zertifizierung<\/h4>\n<p>Der Herstellungs- sowie Sterilisationsprozess in Italien durch <a href=\"http:\/\/www.medeurope.eu\/products\/sterile-disposable-surgical-transducer\" target=\"_blank\" rel=\"noopener\">Med Europe s.r.l.<\/a> gew\u00e4hrleisten hohe Stabilit\u00e4t, Bruchfestigkeit und eine saubere, anwenderoptimierte L\u00f6sung. Das Produkt ist durch Med Europe s.r.l. ISO 13485 und CE zertifiziert. Weitere Informationen zu der Zertifizierung finden Sie <a href=\"https:\/\/gvbm.net\/index.php\/unternehmen\/qualitaet-zertifikate\/\">hier<\/a>.<\/p>\n","protected":false},"excerpt":{"rendered":"<p>Einmalsauger \u2013 speziell entwickelt f\u00fcr chirurgische Eingriffe im Rachenmandel-Bereich (HNO), zweimal 90\u00b0 gebogen (horizontal &amp; vertikal), rundes Aspirationsloch und Silikon-Spitze, steril verpackt, 60 St\u00fcck je Verkaufseinheit.<\/p>\n","protected":false},"featured_media":3435,"comment_status":"open","ping_status":"closed","template":"","meta":[],"product_cat":[18,17],"product_tag":[1035,1023,1056,1034,1032,1033,1040,1042,1041,1044,1045,1046,1052,791,1053,1026,1054,1036,1055,1057,1028,1029,1027,1025,1059,1030,1061,1060,1062,1024,1031,1063,1064,1066,1037,1065,1073,1071,1072,1070,604,610,608,1069,1038,1043,1068,1039,1047,1050,1058,1048,1049,1067,1051],"class_list":{"0":"post-519","1":"product","2":"type-product","3":"status-publish","4":"has-post-thumbnail","6":"product_cat-einmalsauger","7":"product_cat-hno","8":"product_tag-adenoidektomie-adenotomie","9":"product_tag-adenotomie","10":"product_tag-adenotomie-ohne-tonsillektomie-primaereingriff","11":"product_tag-adenotomie-adenektomie","12":"product_tag-adenotomie-amboss","13":"product_tag-adenotomie-ambulant","14":"product_tag-adenotomie-gaumenspalte","15":"product_tag-adenotomie-herstel","16":"product_tag-adenotomie-hno","17":"product_tag-adenotomie-instrumente","18":"product_tag-adenotomie-kosten","19":"product_tag-adenotomie-larynxmaske","20":"product_tag-adenotomie-met-paracentese","21":"product_tag-adenotomie-mit-parazentese","22":"product_tag-adenotomie-nase","23":"product_tag-adenotomie-ohne-tonsillektomie","24":"product_tag-adenotomie-op","25":"product_tag-adenotomie-op-ablauf","26":"product_tag-adenotomie-op-technik","27":"product_tag-adenotomie-operatie","28":"product_tag-adenotomie-operation","29":"product_tag-adenotomie-operationsverfahren","30":"product_tag-adenotomie-ops","31":"product_tag-adenotomie-parazentese","32":"product_tag-adenotomie-paukendrainage","33":"product_tag-adenotomie-paukenroehrchen","34":"product_tag-adenotomie-polypen","35":"product_tag-adenotomie-polypenentfernung","36":"product_tag-adenotomie-procedure","37":"product_tag-adenotomie-tonsillektomie","38":"product_tag-adenotomie-tonsillotomie","39":"product_tag-adenotomie-und-parazentese","40":"product_tag-adenotomie-und-paukendrainage","41":"product_tag-adenotomie-und-paukenroehrchen","42":"product_tag-adenotomie-und-tonsillektomie","43":"product_tag-adenotomie-und-tonsillotomie","44":"product_tag-at","45":"product_tag-at-sauger","46":"product_tag-bleckmann","47":"product_tag-einmal-sauger-hno","48":"product_tag-einmalsauger","49":"product_tag-einweg-sauger","50":"product_tag-einwegsauger","51":"product_tag-einwegsauger-hno","52":"product_tag-endoskopicka-adenotomie","53":"product_tag-her-adenotomie","54":"product_tag-instrument","55":"product_tag-instrumente-fuer-adenotomie","56":"product_tag-laterale-adenotomie","57":"product_tag-tonsillektomie-ohne-adenotomie-mit-dissektionstechnik","58":"product_tag-tonsillektomie-ohne-adenotomie-partiell-transoral","59":"product_tag-tonsillektomie-mit-adenotomie","60":"product_tag-tonsillektomie-mit-adenotomie-mit-dissektionstechnik","61":"product_tag-tonsillektomie-adenotomie","62":"product_tag-tonsillotomie-mit-adenotomie","63":"pa_abmessungen-4mm-x-100mm","65":"first","66":"instock","67":"shipping-taxable","68":"purchasable","69":"product-type-simple"},"_links":{"self":[{"href":"https:\/\/gvbm.net\/index.php\/wp-json\/wp\/v2\/product\/519","targetHints":{"allow":["GET"]}}],"collection":[{"href":"https:\/\/gvbm.net\/index.php\/wp-json\/wp\/v2\/product"}],"about":[{"href":"https:\/\/gvbm.net\/index.php\/wp-json\/wp\/v2\/types\/product"}],"replies":[{"embeddable":true,"href":"https:\/\/gvbm.net\/index.php\/wp-json\/wp\/v2\/comments?post=519"}],"wp:featuredmedia":[{"embeddable":true,"href":"https:\/\/gvbm.net\/index.php\/wp-json\/wp\/v2\/media\/3435"}],"wp:attachment":[{"href":"https:\/\/gvbm.net\/index.php\/wp-json\/wp\/v2\/media?parent=519"}],"wp:term":[{"taxonomy":"product_cat","embeddable":true,"href":"https:\/\/gvbm.net\/index.php\/wp-json\/wp\/v2\/product_cat?post=519"},{"taxonomy":"product_tag","embeddable":true,"href":"https:\/\/gvbm.net\/index.php\/wp-json\/wp\/v2\/product_tag?post=519"}],"curies":[{"name":"wp","href":"https:\/\/api.w.org\/{rel}","templated":true}]}}