{"id":563,"date":"2019-01-24T10:37:58","date_gmt":"2019-01-24T10:37:58","guid":{"rendered":"https:\/\/gvbm-m1.ycdn.de\/index.php\/produkt\/neurochirurgische-doppler-sonde-10-mhz-elastisch-2mm-spitze-einfach-steril-verpackt\/"},"modified":"2025-09-01T06:37:31","modified_gmt":"2025-09-01T06:37:31","slug":"biegbare-neuro-doppler-sonde","status":"publish","type":"product","link":"https:\/\/gvbm.net\/index.php\/produkt\/biegbare-neuro-doppler-sonde\/","title":{"rendered":"Biegbare Neuro-Doppler-Sonde (Einwegprodukt)"},"content":{"rendered":"<h4>Anwendungsbereiche<\/h4>\n<p>Unsere Doppler Sonde ist ein einmalverwendbares chirurgisches Messinstrument, welches bei <a href=\"https:\/\/upload.wikimedia.org\/wikipedia\/commons\/9\/9f\/Cranial_bones_es.svg\" target=\"_blank\" rel=\"noopener\">intrakraniellen<\/a> Zug\u00e4ngen f\u00fcr die pr\u00e4-, intra- und postoperative Kontrolle sowie Untersuchung des Gef\u00e4\u00dfdurchflusses (Neurosonographie) vor allem bei Hochrisiko-Operationen (<a href=\"http:\/\/www.medizinfo.de\/schlaganfall\/aneurysma5.htm\" target=\"_blank\" rel=\"noopener\">Aneurysma-Clip<\/a>, <a href=\"https:\/\/neurochirurgie.uk-koeln.de\/erkrankungen-therapien\/hirntumore\/\" target=\"_blank\" rel=\"noopener\">Tumorentfernung<\/a>, <a href=\"https:\/\/www.spektrum.de\/lexikon\/neurowissenschaft\/neurochirurgie\/8528\" target=\"_blank\" rel=\"noopener\">Neurochirurgie<\/a>) verwendet wird.<\/p>\n<p>Es stehen verschiedene Frequenzen (10MHz, 20MHz), Durchmesser der Spitzen (0.8mm, 1.2mm 2mm) und Materialien (elastisch, unelastisch) zur Verf\u00fcgung. Der ergonomisch geformte Handgriff, gefertigt aus latexfreiem <a href=\"https:\/\/www.kunststoffe.de\/themen\/basics\/technische-kunststoffe\/acrylnitril-butadien-styrol-abs\/artikel\/acrylnitril-butadien-styrol-copolymer-abs-2915695.html\" target=\"_blank\" rel=\"noopener\">Styrol-Butadien-Copolymer (ABS)<\/a>, m\u00fcndet in einem durch den Anwender eigenst\u00e4ndig biegbaren Metallrohr, an dessen Spitze sich den empfindlichen Sensoren befinden.<\/p>\n<p><a name=\"_GoBack\"><\/a>Das <a href=\"http:\/\/www.messcontrol.de\/index.php?id=291\" target=\"_blank\" rel=\"noopener\">Ultraschall<\/a>-Signal dringt 3mm tief in umliegende Substanzen oder Gewebe ein, wodurch hohe Sensibilit\u00e4t und Pr\u00e4zision der Messung gew\u00e4hrleistet sind.<\/p>\n<p>Unsere Doppler Sonden sind mit dem leicht handzuhabenden und kleinformatigen Messcomputer Hadeco Smartdop 45 kompatibel.<\/p>\n<h4>Herstellung &amp; Zertifizierung<\/h4>\n<p>Der Herstellungs- sowie Sterilisationsprozess in Italien durch <a href=\"http:\/\/www.medeurope.eu\/products\/sterile-disposable-surgical-transducer\" target=\"_blank\" rel=\"noopener\">Med Europe s.r.l.<\/a> gew\u00e4hrleisten hohe Stabilit\u00e4t, Bruchfestigkeit und eine saubere, anwenderoptimierte L\u00f6sung. Das Produkt ist durch Med Europe s.r.l. ISO 13485 und CE zertifiziert. Weitere Informationen zu der Zertifizierung finden Sie <a href=\"https:\/\/gvbm.net\/index.php\/unternehmen\/qualitaet-zertifikate\/\">hier<\/a>.<\/p>\n","protected":false},"excerpt":{"rendered":"<p>Biegbare Neuro-Doppler-Sonde \u2013 pr\u00e4zise Blutflussmessung f\u00fcr Neurochirurgie (Aneurysma-Clipping\/ Tumorentfernung), kompatibel mit Hadeco Smartdop 45, Einwegprodukt, steril verpackt, 6 St\u00fcck je Verkaufseinheit<\/p>\n","protected":false},"featured_media":3384,"comment_status":"open","ping_status":"closed","template":"","meta":[],"product_cat":[122,88],"product_tag":[],"class_list":{"0":"post-563","1":"product","2":"type-product","3":"status-publish","4":"has-post-thumbnail","6":"product_cat-neurosonographie","7":"product_cat-wirbelsaeulen-neurochirurgie","9":"first","10":"instock","11":"shipping-taxable","12":"purchasable","13":"product-type-variable"},"_links":{"self":[{"href":"https:\/\/gvbm.net\/index.php\/wp-json\/wp\/v2\/product\/563","targetHints":{"allow":["GET"]}}],"collection":[{"href":"https:\/\/gvbm.net\/index.php\/wp-json\/wp\/v2\/product"}],"about":[{"href":"https:\/\/gvbm.net\/index.php\/wp-json\/wp\/v2\/types\/product"}],"replies":[{"embeddable":true,"href":"https:\/\/gvbm.net\/index.php\/wp-json\/wp\/v2\/comments?post=563"}],"wp:featuredmedia":[{"embeddable":true,"href":"https:\/\/gvbm.net\/index.php\/wp-json\/wp\/v2\/media\/3384"}],"wp:attachment":[{"href":"https:\/\/gvbm.net\/index.php\/wp-json\/wp\/v2\/media?parent=563"}],"wp:term":[{"taxonomy":"product_cat","embeddable":true,"href":"https:\/\/gvbm.net\/index.php\/wp-json\/wp\/v2\/product_cat?post=563"},{"taxonomy":"product_tag","embeddable":true,"href":"https:\/\/gvbm.net\/index.php\/wp-json\/wp\/v2\/product_tag?post=563"}],"curies":[{"name":"wp","href":"https:\/\/api.w.org\/{rel}","templated":true}]}}